{"id":184,"date":"2022-08-18T19:41:37","date_gmt":"2022-08-18T17:41:37","guid":{"rendered":"https:\/\/nosformamosfol.com\/?page_id=184"},"modified":"2022-08-30T20:05:44","modified_gmt":"2022-08-30T18:05:44","slug":"aprendo-a-reflexionar","status":"publish","type":"page","link":"https:\/\/nosformamosfol.com\/index.php\/aprendo-a-reflexionar\/","title":{"rendered":"Aprendo a reflexionar"},"content":{"rendered":"\t\t<div data-elementor-type=\"wp-page\" data-elementor-id=\"184\" class=\"elementor elementor-184\">\n\t\t\t\t\t\t\t\t\t<section class=\"elementor-section elementor-top-section elementor-element elementor-element-6cd11b23 elementor-section-boxed elementor-section-height-default elementor-section-height-default\" data-id=\"6cd11b23\" data-element_type=\"section\">\n\t\t\t\t\t\t<div class=\"elementor-container elementor-column-gap-default\">\n\t\t\t\t\t<div class=\"elementor-column elementor-col-100 elementor-top-column elementor-element elementor-element-3892a195\" data-id=\"3892a195\" data-element_type=\"column\">\n\t\t\t<div class=\"elementor-widget-wrap elementor-element-populated\">\n\t\t\t\t\t\t\t\t<div class=\"elementor-element elementor-element-5edb2f97 elementor-widget elementor-widget-text-editor\" data-id=\"5edb2f97\" data-element_type=\"widget\" data-widget_type=\"text-editor.default\">\n\t\t\t\t<div class=\"elementor-widget-container\">\n\t\t\t<style>\/*! elementor - v3.7.1 - 14-08-2022 *\/\n.elementor-widget-text-editor.elementor-drop-cap-view-stacked .elementor-drop-cap{background-color:#818a91;color:#fff}.elementor-widget-text-editor.elementor-drop-cap-view-framed .elementor-drop-cap{color:#818a91;border:3px solid;background-color:transparent}.elementor-widget-text-editor:not(.elementor-drop-cap-view-default) .elementor-drop-cap{margin-top:8px}.elementor-widget-text-editor:not(.elementor-drop-cap-view-default) .elementor-drop-cap-letter{width:1em;height:1em}.elementor-widget-text-editor .elementor-drop-cap{float:left;text-align:center;line-height:1;font-size:50px}.elementor-widget-text-editor .elementor-drop-cap-letter{display:inline-block}<\/style>\t\t\t\t<!-- wp:paragraph -->\n<h4 style=\"text-align: center;\">Reflexiones de aprendizaje<\/h4>\n<!-- \/wp:paragraph --><!-- wp:paragraph -->\n<p>En el siguiente enlace \ud83d\udd17\u00a0<a href=\"https:\/\/twitter.com\/minetti_rosa?t=i93JBld8fyBxIx9hilYNng&amp;s=08\">Reflexiono y evidencio lo que aprendo.\u00a0<\/a>abrir\u00e9 comentarios para que pod\u00e1is hacer las reflexiones oportunas sobre el trabajo llevado a cabo.\u00a0<\/p>\n<!-- \/wp:paragraph --><!-- wp:paragraph -->\n<p style=\"text-align: center;\">\u00bfC\u00f3mo lo hago?\u00a0\u00a0\u00a0 \u00a0 \u00a0\u00a0<\/p>\n<!-- \/wp:paragraph --><!-- wp:paragraph -->\n<p>A trav\u00e9s de una serie de\u00a0 preguntas que ser\u00e1n una gu\u00eda\u00a0 para vosotr@s , pero que deber\u00e9is de redactarlo todo un mismo p\u00e1rrafo. Deb\u00e9is de incluir todas las respuestas a las preguntas que os dejo a continuaci\u00f3n:\u00a0<\/p>\n<p><img loading=\"lazy\" decoding=\"async\" class=\"alignnone size-medium wp-image-411 aligncenter\" src=\"http:\/\/nosformamosfol.com\/wp-content\/uploads\/2022\/08\/any-questions-300x300.png\" alt=\"\" width=\"300\" height=\"300\" srcset=\"https:\/\/nosformamosfol.com\/wp-content\/uploads\/2022\/08\/any-questions-300x300.png 300w, https:\/\/nosformamosfol.com\/wp-content\/uploads\/2022\/08\/any-questions-1024x1024.png 1024w, https:\/\/nosformamosfol.com\/wp-content\/uploads\/2022\/08\/any-questions-150x150.png 150w, https:\/\/nosformamosfol.com\/wp-content\/uploads\/2022\/08\/any-questions-768x768.png 768w, https:\/\/nosformamosfol.com\/wp-content\/uploads\/2022\/08\/any-questions-1536x1536.png 1536w, https:\/\/nosformamosfol.com\/wp-content\/uploads\/2022\/08\/any-questions-1200x1200.png 1200w, https:\/\/nosformamosfol.com\/wp-content\/uploads\/2022\/08\/any-questions-600x600.png 600w, https:\/\/nosformamosfol.com\/wp-content\/uploads\/2022\/08\/any-questions.png 1592w\" sizes=\"auto, (max-width: 300px) 100vw, 300px\" \/><\/p>\n<p>\u00a0<\/p>\n<p>\u00a0<\/p>\n<!-- \/wp:paragraph --><!-- wp:image {\"linkDestination\":\"custom\"} -->\n<figure class=\"wp-block-image\"><\/figure>\n<!-- \/wp:image --><!-- wp:paragraph -->\n<p style=\"text-align: center;\">\ud83d\udccc\u00bfQu\u00e9 he aprendido?\u00a0<\/p>\n<!-- \/wp:paragraph --><!-- wp:paragraph -->\n<p style=\"text-align: center;\">\ud83d\udccc\u00bfC\u00f3mo lo he aprendido?\u00a0<\/p>\n<!-- \/wp:paragraph --><!-- wp:paragraph -->\n<p style=\"text-align: center;\">\ud83d\udccc \u00bfPara qu\u00e9 sirve?\u00a0<\/p>\n<!-- \/wp:paragraph --><!-- wp:paragraph -->\n<p style=\"text-align: center;\">\ud83d\udccc\u00bfQu\u00e9 utilidad tiene para aplicarlo a la vida real?\u00a0<\/p>\n<p>\u00a0<\/p>\n<!-- \/wp:paragraph --><!-- wp:paragraph -->\n<p>\ud83d\udce2 Recuerda debes de redactarlo todo en un mismo p\u00e1rrafo, pero que en ese p\u00e1rrafo se conteste a todas las preguntas que te he formulado con anterioridad.\u00a0\u00a0<\/p>\n<!-- \/wp:paragraph -->\t\t\t\t\t\t<\/div>\n\t\t\t\t<\/div>\n\t\t\t\t\t<\/div>\n\t\t<\/div>\n\t\t\t\t\t\t\t<\/div>\n\t\t<\/section>\n\t\t\t\t\t\t\t<\/div>\n\t\t","protected":false},"excerpt":{"rendered":"<p>Reflexiones de aprendizaje En el siguiente enlace \ud83d\udd17\u00a0Reflexiono y evidencio lo que aprendo.\u00a0abrir\u00e9 comentarios para que pod\u00e1is hacer las reflexiones oportunas sobre el trabajo llevado a cabo.\u00a0 \u00bfC\u00f3mo lo hago?\u00a0\u00a0\u00a0 \u00a0 \u00a0\u00a0 A trav\u00e9s de una serie de\u00a0 preguntas que ser\u00e1n una gu\u00eda\u00a0 para vosotr@s , pero que deber\u00e9is de redactarlo todo un mismo p\u00e1rrafo. [&hellip;]<\/p>\n","protected":false},"author":1,"featured_media":0,"parent":0,"menu_order":0,"comment_status":"closed","ping_status":"closed","template":"","meta":{"_regular_price":[],"currency_symbol":[],"footnotes":""},"class_list":["post-184","page","type-page","status-publish","hentry"],"post_slider_layout_featured_media_urls":{"thumbnail":"","post_slider_layout_landscape_large":"","post_slider_layout_portrait_large":"","post_slider_layout_square_large":"","post_slider_layout_landscape":"","post_slider_layout_portrait":"","post_slider_layout_square":"","full":""},"_links":{"self":[{"href":"https:\/\/nosformamosfol.com\/index.php\/wp-json\/wp\/v2\/pages\/184","targetHints":{"allow":["GET"]}}],"collection":[{"href":"https:\/\/nosformamosfol.com\/index.php\/wp-json\/wp\/v2\/pages"}],"about":[{"href":"https:\/\/nosformamosfol.com\/index.php\/wp-json\/wp\/v2\/types\/page"}],"author":[{"embeddable":true,"href":"https:\/\/nosformamosfol.com\/index.php\/wp-json\/wp\/v2\/users\/1"}],"replies":[{"embeddable":true,"href":"https:\/\/nosformamosfol.com\/index.php\/wp-json\/wp\/v2\/comments?post=184"}],"version-history":[{"count":4,"href":"https:\/\/nosformamosfol.com\/index.php\/wp-json\/wp\/v2\/pages\/184\/revisions"}],"predecessor-version":[{"id":414,"href":"https:\/\/nosformamosfol.com\/index.php\/wp-json\/wp\/v2\/pages\/184\/revisions\/414"}],"wp:attachment":[{"href":"https:\/\/nosformamosfol.com\/index.php\/wp-json\/wp\/v2\/media?parent=184"}],"curies":[{"name":"wp","href":"https:\/\/api.w.org\/{rel}","templated":true}]}}